{"id":83,"date":"2015-07-29T13:44:44","date_gmt":"2015-07-29T13:44:44","guid":{"rendered":"https:\/\/optimus.qsandbox.com\/zqs\/qbcj\/site\/zakra-one-page\/?page_id=4"},"modified":"2025-12-25T10:38:44","modified_gmt":"2025-12-25T09:38:44","slug":"home","status":"publish","type":"page","link":"https:\/\/sciencehero.com.pl\/","title":{"rendered":"Home"},"content":{"rendered":"\n<div id=\"about\" class=\"alignfull blockart-section blockart-section-d514677f alignfull\"><div class=\"blockart-container\"><div class=\"blockart-section-inner\">\n<div class=\"blockart-column blockart-column-7a3893a6\"><div class=\"blockart-column-inner\">\n<figure class=\"blockart-image blockart-image-bc3167aa\"><img loading=\"lazy\" decoding=\"async\" class=\"wp-image-36 hover-effect-static filter-none mask mask-none\" src=\"https:\/\/zakrademos.com\/one-page-v3\/wp-content\/uploads\/sites\/133\/2023\/12\/about-image.png\" alt=\"\" height=\"533\" width=\"587\" srcset=\"https:\/\/sciencehero.com.pl\/wp-content\/uploads\/2023\/12\/about-image.png 587w, https:\/\/sciencehero.com.pl\/wp-content\/uploads\/2023\/12\/about-image-300x272.png 300w\" sizes=\"auto, (max-width: 587px) 100vw, 587px\" \/><\/figure>\n<\/div><\/div>\n\n\n\n<div class=\"blockart-column blockart-column-0f387e3c\"><div class=\"blockart-column-inner\">\n<h2 class=\"blockart-heading blockart-heading-85487dcc\">O mnie<\/h2>\n\n\n\n<h4 class=\"blockart-heading blockart-heading-73e15c4d\">M\u0142ody specjalista z do\u015bwiadczeniem w globalnych korporacjach z listy Fortune 500. <br>Interesuj\u0119 si\u0119 obs\u0142ug\u0105 klienta, administracj\u0105 oraz finansami.<br>Pasjonuje mnie sport, zdrowy styl \u017cycia oraz dobra ksi\u0105\u017cka.<\/h4>\n<\/div><\/div>\n<\/div><\/div><\/div>\n\n\n\n<div id=\"portfolio\" class=\"alignfull blockart-section blockart-section-808f043e alignfull\"><div class=\"blockart-container\"><div class=\"blockart-section-inner\">\n<div class=\"blockart-column blockart-column-cfa3cde1\"><div class=\"blockart-column-inner\">\n<div class=\"wp-block-group is-layout-constrained wp-block-group-is-layout-constrained\">\n<h2 class=\"blockart-heading blockart-heading-55bae08f\">Wybrane sukcesy<\/h2>\n<\/div>\n\n\n\n<div class=\"blockart-section blockart-section-5104f12e\"><div class=\"blockart-container\"><div class=\"blockart-section-inner\">\n<div class=\"blockart-column blockart-column-f73d4ede\"><div class=\"blockart-column-inner\">\n<figure class=\"blockart-image blockart-image-d5727982\"><img loading=\"lazy\" decoding=\"async\" class=\"wp-image-141 hover-effect-static filter-none mask mask-none\" src=\"https:\/\/sciencehero.com.pl\/wp-content\/uploads\/2025\/12\/licencjat.png\" alt=\"\" height=\"768\" width=\"576\" srcset=\"https:\/\/sciencehero.com.pl\/wp-content\/uploads\/2025\/12\/licencjat.png 576w, https:\/\/sciencehero.com.pl\/wp-content\/uploads\/2025\/12\/licencjat-225x300.png 225w\" sizes=\"auto, (max-width: 576px) 100vw, 576px\" \/><\/figure>\n\n\n\n<div class=\"blockart-section blockart-section-d2510f25\"><div class=\"blockart-container\"><div class=\"blockart-section-inner\">\n<div class=\"blockart-column blockart-column-24adb8fd\"><div class=\"blockart-column-inner\">\n<h2 class=\"blockart-heading blockart-heading-416fd335\">Uko\u0144czenie z wyr\u00f3\u017cnieniem pi\u0105tej uczelni w kraju.<\/h2>\n<\/div><\/div>\n<\/div><\/div><\/div>\n<\/div><\/div>\n\n\n\n<div class=\"blockart-column blockart-column-700a1c5a\"><div class=\"blockart-column-inner\">\n<figure class=\"blockart-image blockart-image-150edb65\"><img loading=\"lazy\" decoding=\"async\" class=\"wp-image-145 hover-effect-static filter-none mask mask-none\" src=\"https:\/\/sciencehero.com.pl\/wp-content\/uploads\/2025\/12\/preikestolen-pulpit-rock-travel-guide10.jpg\" alt=\"\" height=\"1302\" width=\"1000\" srcset=\"https:\/\/sciencehero.com.pl\/wp-content\/uploads\/2025\/12\/preikestolen-pulpit-rock-travel-guide10.jpg 1000w, https:\/\/sciencehero.com.pl\/wp-content\/uploads\/2025\/12\/preikestolen-pulpit-rock-travel-guide10-230x300.jpg 230w, https:\/\/sciencehero.com.pl\/wp-content\/uploads\/2025\/12\/preikestolen-pulpit-rock-travel-guide10-786x1024.jpg 786w, https:\/\/sciencehero.com.pl\/wp-content\/uploads\/2025\/12\/preikestolen-pulpit-rock-travel-guide10-768x1000.jpg 768w\" sizes=\"auto, (max-width: 1000px) 100vw, 1000px\" \/><\/figure>\n\n\n\n<div class=\"blockart-section blockart-section-13836f87\"><div class=\"blockart-container\"><div class=\"blockart-section-inner\">\n<div class=\"blockart-column blockart-column-dc8fd097\"><div class=\"blockart-column-inner\">\n<h4 class=\"blockart-heading blockart-heading-66db6b29\"><br>Wakacyjna praca w Norwegii. Pi\u0119kna przygoda przed licencjatem.<\/h4>\n<\/div><\/div>\n<\/div><\/div><\/div>\n<\/div><\/div>\n\n\n\n<div class=\"blockart-column blockart-column-9173807a\"><div class=\"blockart-column-inner\">\n<figure class=\"blockart-image blockart-image-3a1db716\"><img loading=\"lazy\" decoding=\"async\" class=\"wp-image-135 hover-effect-static filter-none mask mask-none\" src=\"https:\/\/sciencehero.com.pl\/wp-content\/uploads\/2025\/12\/HPE.jpg\" alt=\"\" height=\"600\" width=\"900\" srcset=\"https:\/\/sciencehero.com.pl\/wp-content\/uploads\/2025\/12\/HPE.jpg 900w, https:\/\/sciencehero.com.pl\/wp-content\/uploads\/2025\/12\/HPE-300x200.jpg 300w, https:\/\/sciencehero.com.pl\/wp-content\/uploads\/2025\/12\/HPE-768x512.jpg 768w\" sizes=\"auto, (max-width: 900px) 100vw, 900px\" \/><\/figure>\n\n\n\n<div class=\"blockart-section blockart-section-63d10036\"><div class=\"blockart-container\"><div class=\"blockart-section-inner\">\n<div class=\"blockart-column blockart-column-03e80d4f\"><div class=\"blockart-column-inner\">\n<h4 class=\"blockart-heading blockart-heading-f90d9ae4\">Osi\u0105gniecie drugiego (pod wzgl\u0119dem efektywno\u015bci) wyniku w pierwszej pracy.<\/h4>\n<\/div><\/div>\n<\/div><\/div><\/div>\n<\/div><\/div>\n<\/div><\/div><\/div>\n\n\n\n<div class=\"blockart-section blockart-section-6a550174\"><div class=\"blockart-container\"><div class=\"blockart-section-inner\">\n<div class=\"blockart-column blockart-column-20a52c39\"><div class=\"blockart-column-inner\">\n<figure class=\"blockart-image blockart-image-13cb2ff8\"><img loading=\"lazy\" decoding=\"async\" class=\"wp-image-152 hover-effect-static filter-none mask mask-none\" src=\"https:\/\/sciencehero.com.pl\/wp-content\/uploads\/2025\/12\/lifestyle-7331253_1280.jpg\" alt=\"\" height=\"853\" width=\"1280\" srcset=\"https:\/\/sciencehero.com.pl\/wp-content\/uploads\/2025\/12\/lifestyle-7331253_1280.jpg 1280w, https:\/\/sciencehero.com.pl\/wp-content\/uploads\/2025\/12\/lifestyle-7331253_1280-300x200.jpg 300w, https:\/\/sciencehero.com.pl\/wp-content\/uploads\/2025\/12\/lifestyle-7331253_1280-1024x682.jpg 1024w, https:\/\/sciencehero.com.pl\/wp-content\/uploads\/2025\/12\/lifestyle-7331253_1280-768x512.jpg 768w\" sizes=\"auto, (max-width: 1280px) 100vw, 1280px\" \/><\/figure>\n\n\n\n<div class=\"blockart-section blockart-section-022aa4cc\"><div class=\"blockart-container\"><div class=\"blockart-section-inner\">\n<div class=\"blockart-column blockart-column-2e66d9a3\"><div class=\"blockart-column-inner\">\n<h4 class=\"blockart-heading blockart-heading-7c38f7fa\">Walka z nadwag\u0105.<br>Najlepszy wynik &#8211; zrzucenie 36 kg w 2,5 roku.<\/h4>\n<\/div><\/div>\n<\/div><\/div><\/div>\n<\/div><\/div>\n\n\n\n<div class=\"blockart-column blockart-column-17bd501a\"><div class=\"blockart-column-inner\">\n<figure class=\"blockart-image blockart-image-c175bd19\"><img loading=\"lazy\" decoding=\"async\" class=\"wp-image-148 hover-effect-static filter-none mask mask-none\" src=\"https:\/\/sciencehero.com.pl\/wp-content\/uploads\/2025\/12\/run-1749410_1280.jpg\" alt=\"\" height=\"914\" width=\"1280\" srcset=\"https:\/\/sciencehero.com.pl\/wp-content\/uploads\/2025\/12\/run-1749410_1280.jpg 1280w, https:\/\/sciencehero.com.pl\/wp-content\/uploads\/2025\/12\/run-1749410_1280-300x214.jpg 300w, https:\/\/sciencehero.com.pl\/wp-content\/uploads\/2025\/12\/run-1749410_1280-1024x731.jpg 1024w, https:\/\/sciencehero.com.pl\/wp-content\/uploads\/2025\/12\/run-1749410_1280-768x548.jpg 768w\" sizes=\"auto, (max-width: 1280px) 100vw, 1280px\" \/><\/figure>\n\n\n\n<div class=\"blockart-section blockart-section-41e6c734\"><div class=\"blockart-container\"><div class=\"blockart-section-inner\">\n<div class=\"blockart-column blockart-column-5299d53c\"><div class=\"blockart-column-inner\">\n<h4 class=\"blockart-heading blockart-heading-00736e45\">Zaliczenie dystansu 10 km podczas biegu w 2023 roku.<\/h4>\n<\/div><\/div>\n<\/div><\/div><\/div>\n<\/div><\/div>\n\n\n\n<div class=\"blockart-column blockart-column-6e370df1\"><div class=\"blockart-column-inner\">\n<figure class=\"blockart-image blockart-image-ccc4a55e\"><img loading=\"lazy\" decoding=\"async\" class=\"wp-image-154 hover-effect-static filter-none mask mask-none\" src=\"https:\/\/sciencehero.com.pl\/wp-content\/uploads\/2025\/12\/IMG_0603.jpg\" alt=\"\" height=\"700\" width=\"574\" srcset=\"https:\/\/sciencehero.com.pl\/wp-content\/uploads\/2025\/12\/IMG_0603.jpg 574w, https:\/\/sciencehero.com.pl\/wp-content\/uploads\/2025\/12\/IMG_0603-246x300.jpg 246w\" sizes=\"auto, (max-width: 574px) 100vw, 574px\" \/><\/figure>\n\n\n\n<div class=\"blockart-section blockart-section-0ad5e448\"><div class=\"blockart-container\"><div class=\"blockart-section-inner\">\n<div class=\"blockart-column blockart-column-084aa5e3\"><div class=\"blockart-column-inner\">\n<h4 class=\"blockart-heading blockart-heading-a9b3dddc\">Zachowanie pozytywnej postawy \ud83d\ude09<\/h4>\n<\/div><\/div>\n<\/div><\/div><\/div>\n<\/div><\/div>\n<\/div><\/div><\/div>\n<\/div><\/div>\n<\/div><\/div><\/div>\n\n\n\n<div id=\"services\" class=\"alignfull blockart-section blockart-section-25b4af82 alignfull\"><div class=\"blockart-container\"><div class=\"blockart-section-inner\">\n<div class=\"blockart-column blockart-column-d62ed966\"><div class=\"blockart-column-inner\">\n<h2 class=\"blockart-heading blockart-heading-b9552e84\">Us\u0142ugi<\/h2>\n<\/div><\/div>\n\n\n\n<div class=\"blockart-column blockart-column-d138c54e\"><div class=\"blockart-column-inner\">\n<div class=\"alignfull blockart-section blockart-section-8db71360 alignfull\"><div class=\"blockart-container\"><div class=\"blockart-section-inner\">\n<div class=\"blockart-column blockart-column-5436f399\"><div class=\"blockart-column-inner\">\n<figure class=\"blockart-image blockart-image-17ec4275\"><img loading=\"lazy\" decoding=\"async\" class=\"wp-image-69 hover-effect-static filter-none mask mask-none\" src=\"https:\/\/zakrademos.com\/one-page-v3\/wp-content\/uploads\/sites\/133\/2023\/12\/UI.png\" alt=\"\" height=\"80\" width=\"80\"\/><\/figure>\n<\/div><\/div>\n\n\n\n<div class=\"blockart-column blockart-column-36d70885\"><div class=\"blockart-column-inner\">\n<h3 class=\"blockart-heading blockart-heading-74460662\">Back office<br>(Finanse + HR)<\/h3>\n\n\n\n<p class=\"blockart-paragraph blockart-paragraph-c3299a40\">Oko\u0142o 4 lat do\u015bwiadczenia w j\u0119zyku angielskim.<\/p>\n<\/div><\/div>\n<\/div><\/div><\/div>\n\n\n\n<div class=\"alignfull blockart-section blockart-section-6e3ced33 alignfull\"><div class=\"blockart-container\"><div class=\"blockart-section-inner\">\n<div class=\"blockart-column blockart-column-d7f570da\"><div class=\"blockart-column-inner\">\n<figure class=\"blockart-image blockart-image-a5e9d987\"><img loading=\"lazy\" decoding=\"async\" class=\"wp-image-67 hover-effect-static filter-none mask mask-none\" src=\"https:\/\/zakrademos.com\/one-page-v3\/wp-content\/uploads\/sites\/133\/2023\/12\/support.png\" alt=\"\" height=\"80\" width=\"80\"\/><\/figure>\n<\/div><\/div>\n\n\n\n<div class=\"blockart-column blockart-column-f6453acb\"><div class=\"blockart-column-inner\">\n<h3 class=\"blockart-heading blockart-heading-4a876ac5\">Obs\u0142uga klienta<\/h3>\n\n\n\n<p class=\"blockart-paragraph blockart-paragraph-d887add5\">Ponad 2 lata do\u015bwiadczenia.<\/p>\n<\/div><\/div>\n<\/div><\/div><\/div>\n\n\n\n<div class=\"alignfull blockart-section blockart-section-5b29e798 alignfull\"><div class=\"blockart-container\"><div class=\"blockart-section-inner\">\n<div class=\"blockart-column blockart-column-0f261418\"><div class=\"blockart-column-inner\">\n<figure class=\"blockart-image blockart-image-c07f6c5a\"><img loading=\"lazy\" decoding=\"async\" class=\"wp-image-71 hover-effect-static filter-none mask mask-none\" src=\"https:\/\/zakrademos.com\/one-page-v3\/wp-content\/uploads\/sites\/133\/2023\/12\/social-marketing.png\" alt=\"\" height=\"80\" width=\"80\"\/><\/figure>\n<\/div><\/div>\n\n\n\n<div class=\"blockart-column blockart-column-0d40f8a0\"><div class=\"blockart-column-inner\">\n<h3 class=\"blockart-heading blockart-heading-86e50762\">Sprzeda\u017c<\/h3>\n\n\n\n<p class=\"blockart-paragraph blockart-paragraph-01b7a285\">Oko\u0142o 2 lat do\u015bwiadczenia.<\/p>\n<\/div><\/div>\n<\/div><\/div><\/div>\n<\/div><\/div>\n<\/div><\/div><\/div>\n\n\n\n<div id=\"contact\" class=\"alignfull blockart-section blockart-section-6115344a alignfull\"><div class=\"blockart-container\"><div class=\"blockart-section-inner\">\n<div class=\"blockart-column blockart-column-7f2b9e98\"><div class=\"blockart-column-inner\">\n<h2 class=\"blockart-heading blockart-heading-32fa46f6\">Kontakt<\/h2>\n\n\n\n<p class=\"blockart-paragraph blockart-paragraph-024230e0\">kapela444@icloud.com<\/p>\n<\/div><\/div>\n\n\n\n<div class=\"blockart-column blockart-column-869bb12f\"><div class=\"blockart-column-inner\"><div class=\"everest-forms\"><div class=\"evf-container default\" id=\"evf-18\"><form id=\"evf-form-18\" class=\"everest-form\" data-formid=\"18\" data-ajax_submission=\"0\" data-keyboard_friendly_form=\"0\" data-form_state_type=\"\" method=\"post\" enctype=\"multipart\/form-data\" action=\"\/index.php?rest_route=%2Fwp%2Fv2%2Fpages%2F83\"><div class=\"evf-field-container\"><input type=\"hidden\" id=\"_wpnonce18\" name=\"_wpnonce18\" value=\"09626baddc\" \/><input type=\"hidden\" name=\"_wp_http_referer\" value=\"\/index.php?rest_route=%2Fwp%2Fv2%2Fpages%2F83\" \/><div class=\"evf-frontend-row\" data-row=\"row_1\" conditional_rules=\"[]\"><div class=\"evf-frontend-grid evf-grid-1\" data-grid=\"grid_1\"><div id=\"evf-18-field_fullname-container\" class=\"evf-field evf-field-text form-row validate-required\" data-required-field-message=\"This field is required.\" data-field-id=\"fullname\"><label class=\"evf-field-label\" for=\"evf-18-field_fullname\"><span class=\"evf-label\">Imi\u0119<\/span> <abbr class=\"required\" title=\"Required\">*<\/abbr><\/label><input type=\"text\" id=\"evf-18-field_fullname\" class=\"input-text\" name=\"everest_forms[form_fields][fullname]\" required><\/div><div id=\"evf-18-field_email-container\" class=\"evf-field evf-field-email form-row validate-required validate-email\" data-required-field-message=\"Please enter a valid email address.\" data-field-id=\"email\"><label class=\"evf-field-label\" for=\"evf-18-field_email\"><span class=\"evf-label\">Adres Email<\/span> <abbr class=\"required\" title=\"Required\">*<\/abbr><\/label><input type=\"email\" id=\"evf-18-field_email\" class=\"input-text\" name=\"everest_forms[form_fields][email]\" required ><\/div><div id=\"evf-18-field_subject-container\" class=\"evf-field evf-field-text form-row validate-required\" data-required-field-message=\"This field is required.\" data-field-id=\"subject\"><label class=\"evf-field-label\" for=\"evf-18-field_subject\"><span class=\"evf-label\">Temat<\/span> <abbr class=\"required\" title=\"Required\">*<\/abbr><\/label><input type=\"text\" id=\"evf-18-field_subject\" class=\"input-text\" name=\"everest_forms[form_fields][subject]\" required><\/div><div id=\"evf-18-field_message-container\" class=\"evf-field evf-field-textarea form-row\" data-field-id=\"message\"><label class=\"evf-field-label\" for=\"evf-18-field_message\"><span class=\"evf-label\">Wiadomo\u015b\u0107<\/span> <\/label><textarea id=\"evf-18-field_message\" class=\"input-text\" name=\"everest_forms[form_fields][message]\"  ><\/textarea><\/div><\/div><\/div><\/div><div class=\"evf-honeypot-container evf-field-hp\"><label for=\"evf-18-field-hp\" class=\"evf-field-label\">Name<\/label><input type=\"text\" name=\"everest_forms[hp]\" id=\"evf-18-field-hp\" class=\"input-text\"><\/div><div class=\"evf-submit-container \" ><input type=\"hidden\" name=\"everest_forms[id]\" value=\"18\"><input type=\"hidden\" name=\"everest_forms[author]\" value=\"1\"><button type='submit' name='everest_forms[submit]' class='everest-forms-submit-button button evf-submit ' id='evf-submit-18' value='evf-submit' data-process-text=\"Processing\u2026\" conditional_rules='&quot;&quot;' conditional_id='evf-submit-18'  id=\"evf-submit-18\" aria-live=\"assertive\">Submit<\/button><\/div><\/form><\/div><!-- .evf-container --><\/div><\/div><\/div>\n<\/div><\/div><\/div>\n","protected":false},"excerpt":{"rendered":"","protected":false},"author":1,"featured_media":0,"parent":0,"menu_order":0,"comment_status":"open","ping_status":"open","template":"page-templates\/pagebuilder.php","meta":{"zakra_page_container_layout":"customizer","zakra_page_sidebar_layout":"customizer","zakra_remove_content_margin":false,"zakra_sidebar":"customizer","zakra_transparent_header":"0","zakra_logo":0,"zakra_main_header_style":"default","zakra_menu_item_color":"#16181a","zakra_menu_item_hover_color":"#027abb","zakra_menu_item_active_color":"#027abb","zakra_menu_active_style":"","zakra_page_header":true,"footnotes":""},"class_list":["post-83","page","type-page","status-publish","hentry"],"_links":{"self":[{"href":"https:\/\/sciencehero.com.pl\/index.php?rest_route=\/wp\/v2\/pages\/83","targetHints":{"allow":["GET"]}}],"collection":[{"href":"https:\/\/sciencehero.com.pl\/index.php?rest_route=\/wp\/v2\/pages"}],"about":[{"href":"https:\/\/sciencehero.com.pl\/index.php?rest_route=\/wp\/v2\/types\/page"}],"author":[{"embeddable":true,"href":"https:\/\/sciencehero.com.pl\/index.php?rest_route=\/wp\/v2\/users\/1"}],"replies":[{"embeddable":true,"href":"https:\/\/sciencehero.com.pl\/index.php?rest_route=%2Fwp%2Fv2%2Fcomments&post=83"}],"version-history":[{"count":38,"href":"https:\/\/sciencehero.com.pl\/index.php?rest_route=\/wp\/v2\/pages\/83\/revisions"}],"predecessor-version":[{"id":203,"href":"https:\/\/sciencehero.com.pl\/index.php?rest_route=\/wp\/v2\/pages\/83\/revisions\/203"}],"wp:attachment":[{"href":"https:\/\/sciencehero.com.pl\/index.php?rest_route=%2Fwp%2Fv2%2Fmedia&parent=83"}],"curies":[{"name":"wp","href":"https:\/\/api.w.org\/{rel}","templated":true}]}}